
What is the value of -7 - (-1 + -10 + 7) - (8 + 0)?
-11
Evaluate -4 + 13 + -11 + 2 + 13.
13
-2 + 9 + -30 + 1 + 6
-16
What is 23 - (38 - 16) - (-2 - (1 - 19))?
-15
What is -29 + 7 - (-32 - 2)?
12
Calculate (-21 + 28 - 2) + -19.
-14
Evaluate 9 + -14 + (12 - 2) + 4.
9
Calculate -6 + -3 + (-40 - -43) - (2 + 1).
-9
Evaluate (-9 - -5) + -6 + 11 + (-6 - -1).
-4
What is -46 + 35 - (0 - (-3 - (-6 - 0)))?
-8
Calculate -4 + ((-11 + 9 - 0) + 11 - -1).
6
-6 + 6 + -1 + -1 + 18
16
Calculate 21 - ((10 - (-3 - -18)) + 2 + -7).
31
Calculate 10 + (-1 - (1 + -7)).
15
Evaluate 3 + 15 + -18 + 12 + -35.
-23
What is the value of 4 - -3 - (5 + -3 + 1 - 0)?
4
Evaluate -4 - (5 + -11 - -32) - -12.
-18
What is 1 - (-7 + (6 - 8) - 10)?
20
Evaluate 9 + 0 + -4 - (-1 + 3 + 1).
2
Calculate 4 + 5 - ((-6 - 5) + -15 + 31).
4
(101 - 85) + -34 + 2
-16
0 - ((-29 - -41) + -27)
15
0 - (1 - (19 - 1)) - (118 - 123)
22
What is the value of 16 + -34 + (-17 - (-9 + 8))?
-34
Evaluate 5 + (-13 + 10 - 11) - 3.
-12
What is 5 - (9 - (-7 + -2 + 9) - 15)?
11
Calculate -2 + 0 + 12 + 4 + 4 + -3.
15
(-6 - -5) + 5 + 1
5
What is the value of 8 - -1 - (589 + -602)?
22
What is the value of 2 + ((15 - 1) + -30 - (-7 + 1))?
-8
What is the value of 9 + -19 + (25 - 3)?
12
What is -15 - (14 - (30 + -14) - -17)?
-30
Evaluate 1 + 52 + -10 + -25.
18
20 + (-67 - 6 - -15)
-38
What is the value of 13 - 13 - (-3 + -5 + 4)?
4
Calculate (-16 - -40) + -58 + -4.
-38
What is the value of -2 + (13 - (-1 - -10 - 1)) - 30?
-27
What is the value of (-2 - -2 - -4) + (-23 - (56 + -44))?
-31
What is the value of 14 - (3 - (-11 - (-7 - (12 + 0))))?
19
What is -3 + 1 - -3 - (-18 + 9 + 9)?
1
Calculate (-10 - 4) + 2 - (9 - (4 + 9)).
-8
What is the value of 1 + 19 - (699 + -695)?
16
What is the value of 1 + 2 - (20 - (34 - (1 + -7)))?
23
Evaluate -1 + -23 + -1 - (-3284 + 3283).
-24
Evaluate (-15 - -11) + (10 - 3) - (21 - 1).
-17
What is (-8 - 4 - -1 - 5) + -3 + 5?
-14
Calculate (-5 - -3) + 20 - 14.
4
Calculate -24 + ((5 - -14) + -23 - (-2 + -3)).
-23
Calculate -2 - (-24 + 1) - (28 + -9 - 13).
15
What is the value of 13 - (-7 + -9 - -32)?
-3
What is the value of -9 + -30 + (-30 - -92)?
23
Evaluate (-11 - -30 - 11) + 6.
14
What is the value of -6 + 1 + -3 + 5 - -12 - -9?
18
Evaluate -22 - -7 - (-12 - -2).
-5
Calculate -260 - -272 - (0 - -5).
7
-2 + -1 - (-7 + 12 - 14)
6
Evaluate (-28 + 11 - -21) + -6 - (2 + -16).
12
Evaluate -33 + (14 - 13 - 13) + (13 - 6).
-38
What is 7 + 4 + -22 + 6 + -2 + 1?
-6
What is -3 + 12 + -16 + -1 + 24?
16
What is 10 - (2 - -2) - (-20 + 46 - 20)?
0
Evaluate 34 + 12 + -25 + -10.
11
Calculate (4 - (3 - 2)) + -10 + -14.
-21
Calculate (3 + 3 + -3 - 5) + -4 + 5.
-1
4 + -11 - (-6 + 11 + -8)
-4
1 + 4 + 9 + -3
11
What is the value of -24 + -2 + 6 + 22?
2
-7 + (9 - -6) + (2 - -3)
13
Evaluate -2 + 1 + (-2 - (0 + 1)) + 2.
-2
What is -38 - -46 - (13 + 2) - -7 - 3?
-3
What is (1 - 1) + 6 + -2854 + 2834?
-14
Evaluate -2 + 7 + -4 - (-35 + 45).
-9
What is the value of -22 + (20 - 31) + 7?
-26
(20 - 17) + -2 + 3 + (-38 - 1)
-35
Evaluate -4 - ((-87 - -85) + -5 + -1).
4
Evaluate 90 - 89 - (-1 + (-1 + -1 - 0)).
4
What is 5 + -2 + (53 - 49)?
7
Calculate (18 - (8 - -6)) + 29 + -11.
22
What is (143 - 152) + (13 - 0)?
4
Evaluate 12 + -1 - (72 + -32 + 23 + -14).
-38
What is (-4 - -5) + -26 + 29?
4
What is the value of 6 + -42 + 28 - -19?
11
Calculate -15 + 19 + -10 + 0.
-6
(-8 - (-2 - 0)) + -3 + 23 + 15
29
-107 + 169 + -54 - (0 + 33 + -1)
-24
14 + 10 + -15 - 3
6
What is 9 - (-11 + -11 + 9 + 4)?
18
Calculate 0 - -5 - ((15 - 28) + (-2 - -9)).
11
(-6 - (-7 + -5)) + (4 - (13 + 4))
-7
What is the value of (0 - 15 - -29) + (6 - 2 - 11)?
7
What is the value of 52 + -57 + 1 + 2?
-2
What is the value of 5 + (7 - (-5 - (-18 - -3) - 17))?
19
What is the value of (-1 - ((28 - 28) + -2 + 1)) + 18?
18
Calculate -19 - (-273 + 288 + -1 + -18).
-15
Calculate -8 - (25 + -19) - (-4 - -2 - 2).
-10
Calculate -13 - (18 - 25) - (-2 + (-13 - 1)).
10
What is the value of (1 + -2 - (15 + -2)) + (-2577 - -2574)?
-17
Evaluate 0 + ((2 - -2) + (-3 - 2) - 6).
-7
Calculate 8 - (-15 - (-19 + 6)).
10
(0 - -4) + (-9 - (-13 + 6))
2
What is 5 + (16 - (35 + 4 + 4))?
-22
(-23 - 6) + 40 - 31
-20
Calculate -10 + 6 + 14 + (-6 - -11 - 6).
9
What is -10 + 2 + (-290 - -302)?
4
Evaluate -25 + (3 - 1) - (2956 + -2950).
-29
-7 + 15 - (15 + 4)
-11
3 - (3 + -3 + 3 - (3 + -5))
-2
Calculate -23 - (27 + -21 - -1).
-30
What is (0 - 1) + -12 - (-100 - (-135 - -38))?
-10
What is the value of 14 - 2 - 6 - 2?
4
What is the value of 90 + -84 + 0 + -5?
1
Evaluate 10 + -2 - 14 - (-34 + 49).
-21
Evaluate 63 - 46 - (6 - 3).
14
What is (1576 - 1571) + (-1 + -23 - -1)?
-18
Calculate 0 + (-3 + 1 + 7 - (4 - 2)).
3
Evaluate 26 - (-15 - (-39 + 12)).
14
What is the value of -9 - (19 + 1 + 9 + (10 - 30))?
-18
Calculate -1 + -2 + 0 + -27 + (135 - 89).
16
(20 - (17 + -10) - 15) + -5
-7
Evaluate 5 + -25 + (1 - -2) + 0.
-17
Evaluate (27 - (1 - 1)) + (2 - 27 - -35).
37
What is 8 - (5 - ((-12 - -22) + -9))?
4
What is the value of (0 - (1 + -5 + 0 + 6)) + -6?
-8
Calculate -3 + -28 + 2 + 27.
-2
Evaluate (11 - 13) + 1 + -1 + -5 - 5.
-12
Calculate (-10 - (-4 - 11)) + 3 - 13 - 8.
-13
Calculate (33 - (-5 + 10)) + (-1 - 6) - 0.
21
What is 4 + -4 + 2 + -5 + -5?
-8
Evaluate -33 - -37 - (1 + 2 - (8 - 1)).
8
What is the value of 15 + -1 + (-10 - 18)?
-14
Evaluate (-22 + 24 - -33) + -20.
15
What is the value of -1 + -21 + (-360 - -360)?
-22
Calculate 32 - 8 - 61 - -59.
22
Calculate 0 + (-2 - (-11 - -15)) - (-2 - 5).
1
Calculate 24 + (3 - 18) + 5.
14
What is (-32 - -68) + -38 - (-23 - 0)?
21
What is 0 + -17 + (87 - 76)?
-6
Evaluate 5 - -1 - (-31 + 25).
12
What is the value of -1 + -2 - (20 + -16 - (4 + 6))?
3
What is the value of 50 + -43 + -7 + -15?
-15
Evaluate 23 + (12 - 33) - -10.
12
8 - (-40 + -3 - -42)
9
Evaluate 7 + (-13 - 3 - 8) + -4.
-21
(-15 - (-31 - -8)) + 1
9
What is the value of -12 + 6 + (41 - (2 - (4 + -6)))?
31
(-9 - -13) + 11 + -22
-7
What is (-13 - 6 - (-9 + 1)) + 23 + -1?
11
7 + -20 + (-13 + 1 - -5) + 4
-16
Calculate (11 + -5 - 4) + (3 - (3 - -6)).
-4
(19 - 10) + (-23 - (-18 - -34))
-30
Evaluate -3 - (2 + 6 + 6).
-17
Calculate -70 + 74 + (-14 - -1).
-9
Evaluate 0 + 10 - ((1 - 15) + 26 + -9).
7
Calculate -2 - 1 - 4 - (2 + 4).
-13
Calculate -39 - -50 - (-1 + 12) - (9 + 2).
-11
What is 9 + 2 + (27 - (6 - -24))?
8
(9 - 2) + -9 - (2 + 0)
-4
Evaluate 34 + -1 - (-2057 - -2070).
20
What is the value of -1 + -24 + 1120 + -1107?
-12
What is (7 - -17) + -15 + 1?
10
(-61 - -30 - -30) + -19
-20
Calculate -18 + 13 + 3 + -10 + 12.
0
Calculate 3 + -11 - (-4 + 4 + -7 + 5).
-6
Calculate (-2 - (15 + 0)) + (3125 - 3072).
36
What is the value of 25 - 22 - (-1 + 10)?
-6
(6 - (4 + 14 + -3)) + (8 - 0)
-1
-7 + 0 + -1 + 6 + -10 + 18
6
What is -22 + -29 + 12 + 36?
-3
1 - ((5 - 11) + 12)
-5
(12 + 2 - 1) + -11
2
What is 2 + -3 + -18 + (-4 + 4 - -2)?
-17
Evaluate -276 - -310 - (-4 - -69).
-31
-7 + 2 - (6 - (3 - (9 - 10)))
-7
What is the value of 22 - ((-282 - -304) + (-1 - 12))?
13
Evaluate 2 + 6 - (5 + -6) - 6 - 4.
-1
Evaluate 8 + 1 - (77 - 69) - 14.
-13
What is (-8 + -2 + 12 - 16) + 5?
-9
What is the value of 47 + (-9 - (13 + -12 + 0))?
37
(8 + 1 - ((-4 - -4) + 2)) + -20
-13
What is 3 - (-7 + (-1 - -1 - 20) + 7)?
23
Calculate (10 - -11) + -8 - 8.
5
What is the value of 15 + 7 - 4 - 7?
11
What is the value of 123 + -100 + -14 + (0 + -3 - -6)?
12
Calculate 3 + (6 - 8) + (0 - -1) + -7.
-5
What is the value of (-2 - (-4 + (4 - -1)) - -6) + 7?
10
What is the value of 20 - (29 + 11 + -31)?
11
What is (11 - 0) + -182 + 147 + (-10 - -1)?
-33
What is the value of -1013 + 1015 - (20 + 0)?
-18
What is -1 + (-39 - -18 - -17)?
-5
Evaluate -3 + (6 - (2 + -1)) + -13.
-11
What is the value of -2 + (3 - 6) - (9 - (-7 - -3))?
-18
What is the value of 6 + (9 + -14 - 9 - -22)?
14
What is the value of -12 - (33 + -27 - (-4 + 2 - -8))?
-12
20 + -2 + -16 + (3 - 34 - 2)
-31
What is 8 - (0 - (0 + -19 + 4))?
-7
Calculate 3 - (6 - (-6 - (6 - 7))).
-8
What is the value of 13 + (-9 - (-15 - 11 - -12))?
18
-29 + 8 - -12 - (10 - -2)
-21
What is 3 + 9 - (3 + 2 - -27)?
-20
Calculate 1 + (26 + -21 - (13 - -2 - -4)).
-13
What is -103 + 45 + 57 + 1 + 1 + 21?
22
2 + -16 + (36 - 9 - 35)
-22
What is the value of 1498 + -1491 + -30 + -1?
-24
Evaluate (-20 - 12 -